e?
False
Suppose 7*r = 10*r + 15. Is r/(-30) - (-5235)/18 a prime number?
False
Suppose 343 = -4*f + 1979. Is f a prime number?
True
Let o(u) = u**2 + 6*u - 11. Let i be o(-15). Let n = 193 - i. Is n a prime number?
False
Suppose -g - 411 = -5*f, 0 = -3*f + 4*f + 4*g - 99. Is f a composite number?
False
Suppose 2*m + 1 + 3 = 0. Let y(o) = o**3 + 2*o**2 + o + 2. Let d be y(m). Suppose s - 115 = -0*u + 3*u, d = -2*s + 4*u + 230. Is s a prime number?
False
Suppose -469 = -2*n - 2*v + 421, n + 4*v - 439 = 0. Is n a prime number?
False
Suppose 10*u - 3*u = 1043. Suppose -2*g + u = -9. Is g a composite number?
False
Let s = 0 + 1. Let c be 32 - (2 - 1) - -3. Is -1*1*(s - c) composite?
True
Suppose 0*f - 12 = -4*f. Suppose 2*r + 8 = 0, 4*w - 3*r - f = 5*w. Is w a prime number?
False
Let z = -5 - -9. Suppose -4*y + 8 = -z*u, u = 3*y + 1 - 11. Suppose -49 = -u*f + k, f - 7 - 4 = -4*k. Is f prime?
True
Suppose -8*i + 970 = -3*i. Let c = i + -111. Is c prime?
True
Suppose 0*v + 2*v + 2 = 0. Let s be (-1)/(-1 - (-3 - v)). Is s/((1/21)/(-1)) a composite number?
True
Let b be ((-33)/9)/(2/(-18)). Is b + (0 + -3 - -1) a composite number?
False
Let a(z) = -z**3 - 10*z**2 + 36*z + 2. Is a(-15) a composite number?
False
Let f be (-5)/(-3) + (-2)/(-6). Suppose -3*l - 18 = -4*h, -f*l = -1 - 3. Suppose 0 = 2*v, b + 265 = h*b - v. Is b prime?
True
Suppose 571 = h + 2*w, 2*w - 1687 = -4*h + 597. Is h prime?
True
Is ((-587)/2)/(1/(-2)) a composite number?
False
Suppose -2*f - f + 9 = 0, -45 = -3*y + 3*f. Is (-2)/9 - (-238)/y a composite number?
False
Let j = 2332 + -1367. Let n be j/25 + 4/10. Suppose -11 - n = -5*x. Is x prime?
False
Let u(f) = 3*f - 13*f**2 + 10*f**2 - 2*f**3 - 2*f + 2. Let t be u(-2). Is (170/(-8))/((-1)/t) a composite number?
True
Suppose 0 = m - 3 - 39. Suppose -m = -2*h - 0*h. Is h + (-4)/6*3 composite?
False
Let b(v) = -v**2 - 5*v - 10. Let n be b(-4). Is (-3)/(-2) + (-561)/n a prime number?
False
Let b(x) = -8*x**2 + 4*x + 3. Let g be b(-4). Let i be 8/(-6) - (-2)/6. Is (i + 2)/((-3)/g) a composite number?
False
Let w = -4 + 4. Suppose w = -4*d - 5 + 13. Suppose -d = -3*v + 3*z - 5*z, -3*v - 2 = 4*z. Is v a composite number?
False
Let x be (-51)/12 + 3/12. Let t = -4 - x. Is -2 - (t - -2 - 81) prime?
False
Suppose -16 - 12 = -4*a. Let b(r) = r**2 + 12*r + 14. Let o be b(-11). Suppose 4*q - 2*w - a + o = 0, 5*q + w - 19 = 0. Is q composite?
False
Is (-641367)/(-135) - -4*1/30 a composite number?
False
Let x(n) = 165*n + 5. Is x(2) a composite number?
True
Suppose -b = -3*b. Is (b + 3 + -2)*71 composite?
False
Suppose 4*w - 10288 + 279 = -3*j, 0 = -w - j + 2502. Is w a prime number?
True
Suppose 2*a - 131 = 25. Suppose -2*w + 150 = 4*j - a, -5*w = -j + 79. Is j prime?
True
Suppose -49 = -u - 3*g + g, 0 = -5*u + 4*g + 301. Is u a prime number?
False
Is -2*((-36)/(-8))/(-1) prime?
False
Suppose -2*h = -h. Suppose 0 = -h*j - 3*j + 9. Suppose 138 = -0*g + 2*g + 2*z, 5*z = -j*g + 211. Is g a prime number?
True
Suppose 0 = 4*m - 5*i - 13, -3*m + 5*i = -m - 9. Suppose -4*w + 3*w - m = 0. Let r(c) = 4*c**2 - 2. Is r(w) composite?
True
Let x = 2 - -2. Suppose -s + x*d - 8*d + 43 = 0, 3*d = s - 50. Is s a composite number?
False
Let q = 1696 - 1000. Let r = 995 - q. Is r composite?
True
Suppose -3*a + 28 + 11 = 0. Suppose -4*g + a + 79 = 0. Is g a prime number?
True
Let m(j) = 143*j + 15. Is m(14) a prime number?
True
Suppose 6*a - 11*a = -1645. Is a a composite number?
True
Let o = 256 - 68. Suppose -d - 3*q + o = 0, d - q = q + 193. Is d prime?
True
Suppose 0 = -0*k - k + 57. Is k prime?
False
Let x(u) = u + 13. Let t be x(-9). Suppose 5*d - 16 = 4*i, 0 = 2*i + 2*i - t. Suppose -d*c - 4*m = -c - 145, c - 4*m = 75. Is c composite?
True
Suppose -4*f = -z - 27, 3*f + 7 = -5*z + 56. Let i = f + -4. Suppose 2*w - 42 = -h + 7*w, 5*h = -i*w + 181. Is h a prime number?
True
Suppose 0 = -3*l + u + 4*u + 4892, -2*l + 3288 = 2*u. Is l composite?
True
Suppose -4*f - z = z - 18, -21 = -3*f - 3*z. Suppose f*n - 3 = 3*u, -7*u = -4*n - 2*u + 5. Suppose n = 3*l - 5*l + 42. Is l composite?
True
Let y be (-4)/(-16) + (-1022)/(-8). Suppose -2*t - 10 = 0, -558 = -n + 3*t - y. Suppose 0 = -7*c + 2*c + n. Is c a prime number?
True
Suppose -4*w - 4*s + 5 - 13 = 0, 3*s = -w - 12. Suppose g + w = -0. Is (7/g)/(1/(-3)) a prime number?
True
Let k(d) = 3*d + 4*d + d + 7 - d. Is k(10) prime?
False
Let s = -3 - -8. Suppose -4*i = 3*t + 245 - 772, -4*t = s*i - 659. Is i a composite number?
False
Let q = 1 - 3. Let o be (4/q + 1)/1. Is (o/2)/((-3)/762) a composite number?
False
Suppose 60 = 5*a + 2*o + 13, a - 4*o - 5 = 0. Is 778/8 - a/36 composite?
False
Suppose -5*r = -r - 188. Let j = r - 27. Suppose 4*f - k = j + 67, -5*k + 48 = 3*f. Is f composite?
True
Let y = 13072 - 8369. Is y a composite number?
False
Suppose 0 = t + 5*z + 5, -2*t + 3*t - 3 = 3*z. Let l be -1*t*(-2)/(-6). Suppose -2*d + l*d = -178. Is d a composite number?
False
Suppose -a = -7 - 15. Suppose -2*v - 83 = -17. Is 832/a - 6/v a composite number?
True
Is (2/(-2))/(10/(-65470)) a composite number?
False
Let a(f) = 18*f + 1. Let u be a(4). Suppose 4*o + 2*s + 78 = 0, 3*o + 65 = s + 4*s. Let c = o + u. Is c a prime number?
True
Suppose -545 - 1845 = -2*p. Is p composite?
True
Is (-208)/(-6) - 6/(-18) prime?
False
Let y = 904 + -237. Is y composite?
True
Let b be ((-6)/(-3) + -20)/(-1). Let k = -5 + b. Is k a composite number?
False
Let s(n) = -194*n + 27. Is s(-10) prime?
False
Let t be 85/25 - 6/15. Suppose -4*c + 19 = -t*c. Is c composite?
False
Suppose -5*m = -896 - 439. Is m - ((-1 - 3) + 4) composite?
True
Let d(b) = -20*b - 22. Is d(-9) a composite number?
True
Let p = 10 + -7. Let n be (2 - p)*1*5. Is n*(-5)/(50/42) composite?
True
Let q(z) be the second derivative of 3*z**3 - 3*z**2/2 + 2*z. Is q(3) a composite number?
True
Suppose -4*s = -s - 3. Is (2/(-2))/(s/(-39)) prime?
False
Let h(b) be the third derivative of b**5/30 - 7*b**4/24 + 11*b**3/6 - 4*b**2. Let u be h(-8). Suppose -565 = -5*v - 3*l + 318, -u = -v + 4*l. Is v composite?
False
Suppose 8*c - 5*c - 1527 = 0. Is c prime?
True
Suppose 5 = d, 3*f + 0*d = -4*d + 29. Is 2 + 6*f - 1 a composite number?
False
Suppose -2668 = -6*n - 802. Is n a composite number?
False
Let b(n) = n**3 - 7*n**2 - 4*n - 3. Let r be b(8). Let f = 80 - r. Is f composite?
True
Let y = 439 + -216. Is y a composite number?
False
Let p = 3 - 3. Suppose -3*i + p*i = 6. Let l(d) = -8*d**3 - 2*d**2 - 2*d - 1. Is l(i) prime?
True
Is (3 + 2 + 0)*23 a composite number?
True
Let p be 2*1/2 + 1. Suppose -p*z + 58 = -196. Is z a composite number?
False
Let a(p) = 56*p**2 + 13*p - 5. Is a(8) composite?
True
Suppose 4*x + i = 68 + 18, -4*x = -2*i - 80. Let l = -56 + 67. Let n = x - l. Is n composite?
True
Let x be (-8)/(-28) - 24/(-14). Let g be 39/(x/6*3). Suppose -g = -4*r + 3*r. Is r a prime number?
False
Let z = 2 + 0. Suppose 0 = -m + 1, 0 = 4*w - 7*m + z*m - 759. Is w a prime number?
True
Let y(p) = 43*p - 9 + 31*p + 0*p + 2. Let d be y(6). Suppose -4*n = 2*o + 3*o - d, 4*n = 5*o - 453. Is o prime?
True
Let o(p) = p**3 - 8*p**2 + 8*p - 2. Let g be o(7). Suppose g*v - 2*w = -34 + 149, 0 = -2*v - 5*w + 46. Is v composite?
False
Let b(u) = -6*u**2 - 5*u**3 + 3 + 5*u + 3*u**3 + 3*u**3. Let c be b(5). Suppose -c*k + 12 = k. Is k a composite number?
False
Let y(h) = 3*h**3 - 10*h**2 - h - 7. Is y(5) composite?
False
Suppose 0*x = 3*x - 5331. Is x prime?
True
Suppose -5*x = -t + 4*t - 58, -5*x = -t + 26. Is (-4 - -2)*t/(-6) a composite number?
False
Let z(t) = t**3 - 8*t**2 + 2*t - 11. Let f be z(8). Suppose -3*w + 470 = -562. Suppose -f*h - 302 = -2*b, 5*b - 469 - w = -2*h. Is b a composite number?
True
Let m = 29 + -45. Let i = m + 22. Is i a composite number?
True
Let z(h) = -h - 4. Let v be z(-5). Let q = 1 + v. Is q/(-2)*(2 - 21) prime?
True
Let d be 237/21 - (-2)/(-7). Suppose -5*w + 60 = 3*l - 130, -2*l + 76 = 2*w. Let r = w + d. Is r composite?
True
Let b(u) = 23*u + 3. Let k(m) = -11*m - 2. Let f(z) = -6*b(z) - 13*k(z). Is f(9) a prime number?
True
Suppose -3*d = -2*y + 8, -3*d + 2*d = -4*y + 16. Suppose 4 = 4*w, v + 0*v + 5*w - 19 = d. Is v a composite number?
True
Suppose 0 = -3*c + 12, 0 = -0*y + 5*y - 5*c - 490. Let a = y - 63. Is a prime?
False
Let w(l) be the third deriv